n(l) = 12*l - l**2 - l**h + 2*l**3 - 5*l - 4 - 5*l**2. Suppose i - 20 = -4*i. Give n(i).
-8
Let j(d) = -d**3 + 8*d**2 - 8*d - 2. Suppose -2*x = -2*w - 10, 9*x - 27 = 4*x + 4*w. Let q(m) = 2*m - 7. Let p be q(x). Give j(p).
-9
Let i(c) = -2*c**3 + 9*c**2 - 4*c + 7. Let z be i(4). Let m(t) = 2*t + z*t + t**2 - 11 - 3*t. Calculate m(-8).
5
Let x = -1 - -3. Let q(a) = -4*a**2 + 2*a - 3. Let v(m) = 8*m**2 - 4*m + 6. Let j(o) = -5*q(o) - 2*v(o). What is j(x)?
15
Let n(z) be the first derivative of -z**2 - 3*z + 238. What is n(3)?
-9
Suppose 170*v - 174*v = -12. Let j(o) = -o**v + 4*o**2 - 10*o - 4*o + 14*o - o. Calculate j(4).
-4
Let m(r) be the first derivative of -r**2 + 1/4*r**4 + 2*r**3 + 18 - 2*r. Give m(-6).
10
Let r(z) be the third derivative of z**5/15 - z**4/4 + 5*z**3/3 + 814*z**2. Determine r(3).
28
Let x(b) = -162*b + 3. Let m be x(-1). Suppose -3*g - 5*v + m = 0, g + v - 48 = -3*v. Let t(z) = 0 + g*z**2 - 61*z**2 + 0. Determine t(3).
-9
Let d(z) = 2*z**2 - 9*z - 16. Let c be d(6). Let k(q) = -3*q**3 + 2*q**2 - 2. What is k(c)?
-18
Let w be 4 + (-5 - -4) - -87. Let l be (-5)/(w/4) - (-129)/(-27). Let q(b) = b**3 + 6*b**2 + 5*b + 6. Determine q(l).
6
Let t(h) = -7*h + 4. Let j(v) = 21*v - 11. Let o(b) = 6*j(b) + 17*t(b). Determine o(-2).
-12
Let i(h) = 6*h + 14*h + 7*h + 2 + 5*h - 45*h. What is i(-2)?
28
Let a(i) = -3*i + 21. Let y(c) = c - 5. Let k(u) = 4*a(u) + 18*y(u). Let l(v) = -v**3 - 19*v**2 + 21*v + 24. Let w be l(-20). Calculate k(w).
18
Let c(k) be the first derivative of k**4/4 + 2*k**3 + 4*k**2 + 14*k - 260. Give c(-5).
-1
Let c(x) = -x**3 + 9*x**2 + 8*x + 12. Suppose 44*u - 144 - 296 = 0. What is c(u)?
-8
Let w be 2/(-6) - ((-140)/(-21) + -6). Let a(b) = 12*b + 2. Determine a(w).
-10
Let s(h) = -h**2 - 5*h + 4. Let a(x) = -2*x**2 - 8*x + 7. Let r(j) = 6*a(j) - 11*s(j). What is r(8)?
-10
Let b(y) be the second derivative of -y**3/6 + 13*y**2/2 + 97*y. Give b(13).
0
Let m(a) be the second derivative of a**5/20 + 5*a**4/12 - a**3 + 2*a**2 - 13*a - 1. Determine m(-6).
4
Let f be (0 - -3)*-4*25/(-60). Let u(x) = x + 1. Determine u(f).
6
Let d be 680/14 - 18/(-42). Let j be (-130)/18 - (-1 + d/63). Let m(w) = -w**3 - 7*w**2 - w - 4. Give m(j).
3
Let a(q) = -q**2 + 5*q - 4. Let d be 2 + -2 + (7 - 4). Let z be a(d). Let i(h) = z + 1 - 2*h + 3*h + 1. Calculate i(-3).
1
Let a be (3 + -3)/(0 - -1). Let u(m) = -1 - 3*m - 1 + a*m + 2*m. Calculate u(0).
-2
Let b(x) = -x**3 + 6*x**2 - 4*x + 4. Let a = -3 + 11. Let j(f) = f**3 + a*f + 6 - 1 + 15*f**2 - 6*f**2. Let q be j(-8). What is b(q)?
9
Let s(l) = -2*l + 10. Let r be s(4). Let z(c) = -2*c**3 - c**3 + 3*c**r + 2*c**3 + 2*c + 4*c**3 + 2. Give z(-2).
-14
Let q(p) = 11*p + 2*p - 3*p - 6*p - 1. Determine q(1).
3
Let a(h) = 2*h - 1. Let c be (8/10 + 0)*(25 - -5). Suppose 4*r = 2*u + 32, -r + 5 = -4*u - c. Determine a(u).
-13
Let r(p) = p**2 - p - 3. Let n = 155 - 158. Calculate r(n).
9
Let c(b) be the third derivative of -1/360*b**6 - 1/120*b**5 + 0*b + 0 + 11/6*b**3 - 1/3*b**4 + 5*b**2. Let a(y) be the first derivative of c(y). What is a(0)?
-8
Suppose 4*r - 7 = 3*u - 0*r, 0 = -4*u - r - 22. Let n = u - -7. Let i(d) = n*d + d - 6 - d. Calculate i(6).
6
Suppose -n = 2*n + 12. Let b(f) be the third derivative of f**5/12 - 23*f**2. Let o(t) = -9*t**2. Let w(q) = n*o(q) - 7*b(q). Calculate w(-2).
4
Let z(r) be the first derivative of r**4/4 - 2*r**3 + 2*r**2 + 4*r + 108. Give z(4).
-12
Let q(u) be the second derivative of 5*u + 2/3*u**3 + 0 - 5/2*u**2 + 1/12*u**4. Determine q(-4).
-5
Let a(f) = -f**3 - 28*f**2 + 26*f - 90. Let y be a(-29). Let t(j) = 8*j + 17. Calculate t(y).
-7
Suppose -j - 40 = -3*l - 5*j, 56 = 5*l + 4*j. Let r(h) = -113*h + 52*h + 60*h + 4. Determine r(l).
-4
Suppose -4*f + 2*f - 4*t = 6, t + 12 = 3*f. Suppose 0 = f*b - 5*s - 3, 2*b + 14 = -s - s. Let d(k) = 5*k + 2. Determine d(b).
-18
Let b(x) = -3*x - 1. Let c(f) be the second derivative of -f**5/10 + 13*f**4/6 - f**3/3 + 23*f**2/2 + 30*f. Let n be c(13). Determine b(n).
8
Suppose 3*n - 3*v + 0*v - 9 = 0, -5*v = -4*n + 8. Let s(i) = i**2 + 1 - n*i - 2*i**2 - 3*i + 3. Give s(-11).
-7
Suppose 0 = 5*n - 208 + 83. Suppose -7*a - n = -2*a. Let o(f) = f - 10. Let w(i) = -9. Let h(s) = 2*o(s) - 3*w(s). What is h(a)?
-3
Let v(l) = -l + 51. Let y be v(32). Suppose -11 + y = -2*p. Let u(s) = 3*s + 7. Let w(z) = 4*z + 7. Let t(c) = -3*u(c) + 2*w(c). Determine t(p).
-3
Let d(k) = -k**3 - 3*k**2 + k + 2. Let w = -23 - 79. Let l = w - -99. Give d(l).
-1
Let z = -22 + 28. Let r(p) = p**2 - 11*p - 3. Let w(n) = n**2 - 12*n - 4. Let s(k) = z*w(k) - 7*r(k). Calculate s(5).
-3
Let c(r) = -13*r + 4 - 3 - 2*r + 8*r. Let q(n) = -n**3 - 7*n**2 + 8*n + 1. Let i be q(-8). Give c(i).
-6
Let m(r) = -3*r + 3. Suppose u + 4 + 8 = 2*s, 2*u = -5*s + 30. What is m(s)?
-15
Suppose -41*l + 37*l + 7 = m, 113 = 4*m - l. Let d = -1 - -3. Suppose m - d = 5*p. Let t(a) = a - 8. Determine t(p).
-3
Let k(g) = -16*g + 4. Let y(b) = 4*b - 1. Suppose 3*w - 5*q - 6 = 0, 4*q - 2 = 2*w - 3*w. Let v(x) = w*k(x) + 9*y(x). What is v(-4)?
-17
Let k(p) be the second derivative of p**3/6 - 5*p**2/2 - p. Let z = 532 + -528. Determine k(z).
-1
Let s(i) = -i**3 + 2*i**2 + 3*i - 2. Let q be 42/(-35)*(2 - -8). Let d be (8/q)/(1/(-3)). Calculate s(d).
4
Let c be (-6)/15 - 17/(-5). Let l(h) = -h**2 + 13*h + 14. Let y be l(14). Let d(s) = s - 2*s + 0*s - 2 + y. What is d(c)?
-5
Let u(o) = 4*o + o**3 - 2*o**2 - 26 + 8*o + 2*o**2 - 13*o. Calculate u(0).
-26
Let c(a) be the first derivative of -14*a**3/3 + a + 1. Suppose 7*f - 3 = 9 - 5. What is c(f)?
-13
Let p(c) = c**2 + 12*c - 13. Let g be 64/(-5) - (-5)/(-25). Calculate p(g).
0
Let g(n) be the second derivative of -n**5/20 + 3*n**4/4 + 4*n**3/3 + 17*n**2/2 - 4*n - 112. Determine g(10).
-3
Let r(k) = -10*k - 4. Let x(u) = -10*u - 4. Let o(s) = -5*r(s) + 4*x(s). Let b(z) = -2*z - 1. Let j = 13 + -29. Let a(q) = j*b(q) - 3*o(q). Calculate a(3).
10
Let z(f) = -f**2 - 17*f + 26. Suppose 135 - 38 = -4*n - 5*x, 0 = -4*x - 20. Determine z(n).
8
Let c(o) = 7258*o - 7 + 7253*o - 14506*o. Determine c(0).
-7
Let s be 3 + -4 - (0 - 1). Let g(l) = -l + 11. Let w be g(9). Let m(i) = 4*i**w - 3*i**2 - 4 - i + 16. Calculate m(s).
12
Suppose 5*w - r + 3 = -2, 3*r - 15 = 0. Suppose w = k + 5*k - 18. Suppose g - 3 = -k*l - 24, 3*g - 9 = 3*l. Let b(x) = -x - 7. Determine b(l).
-1
Let y(u) = -2*u - 7. Let w(d) = -7*d**2 + 11*d - 10. Let p be w(5). Let a = -135 - p. Determine y(a).
3
Let y(v) = 2*v - 4. Let k be y(5). Let x(m) = 5 + 27*m + 24*m + 29*m - 104*m + 23*m. Give x(k).
-1
Let t(h) = h**2 - 6*h + 9. Let a be t(6). Let o(r) be the first derivative of 12*r**2 + 2*r + 4 - a*r**2 - 3*r. Calculate o(1).
5
Suppose q + 5 = -3*p - 3, 0 = 5*q + 4*p - 4. Suppose -12 = -0*o - q*o. Suppose 12 = -o*j - w, -4*j + 2*w + w - 3 = 0. Let s(f) = -f - 7. Give s(j).
-4
Let z(c) be the third derivative of -c**5/60 + c**4/3 - c**3/6 - 186*c**2 + 1. What is z(10)?
-21
Suppose 0 = -87*m + 8*m - 316. Let x(l) be the third derivative of l**5/60 + l**4/8 - 2*l**3/3 + l**2. Determine x(m).
0
Let p(c) = 2*c**3 + 2*c**2 + 3*c + 5. Suppose 0 = 74*n - 69*n + 10. Give p(n).
-9
Let n(y) be the first derivative of 7*y**2/2 + 5*y + 31. Let u(x) = -10*x - 7. Let f(m) = -7*n(m) - 5*u(m). Determine f(-7).
-7
Let r = -33 + 39. Let k(b) = -b - 9*b + 4*b + 3*b - r. Calculate k(-4).
6
Let w(n) = -n**2 + n. Suppose 44*f = 16*f + 7*f. Give w(f).
0
Let a(d) = d**3 - d - 4. Let q(w) = -w - 10. Let p be q(-5). Let c = -5 - p. Calculate a(c).
-4
Let n(w) be the second derivative of -w**3/6 + 9*w**2 + w. Let p be n(8). Let d = p + -10. Let v(m) = -m + 8. What is v(d)?
8
Let o(r) = -r - 7. Let t = 21 - 19. Suppose t*f = -0*f + 12. Suppose g + f = -2*g - 3*n, n - 26 = 3*g. Calculate o(g).
0
Let f(b) = 3*b - 45. Let r be f(16). Suppose -4*z = -r*j, -j + 16 = 4*z - 0*j. Let l(k) = 3*k**2 - 4*k - 1. What is l(z)?
14
Let h = 954 - 943. Let s(i) = i**2 - 13*i - 11. What is s(h)?
-33
Let c(w) = -w**2 - 8*w + 36. Let r be 22/10*(-16)/(-80)*-25. Determine c(r).
3
Let l = 171 - 171. Let d(f) = 3*f**2 + f + 5. Give d(l).
5
Let f = 101 - 103. Let z be (1*(-1)/2)/(f/44). Let s(i) = 2*i - 15. Calculate s(z).
7
Suppose 3*p + p + 4 = -4*r, -3*r - 15 = -3*p. Let b(j) = j**2 - 3*j - 2 - 2*j + 2*j - p*j. What i